{"id":1668,"date":"2022-08-25T11:30:47","date_gmt":"2022-08-25T11:30:47","guid":{"rendered":"https:\/\/34.88.131.150\/?page_id=1668"},"modified":"2023-08-07T08:09:39","modified_gmt":"2023-08-07T08:09:39","slug":"andringsansvarig-x2u","status":"publish","type":"page","link":"https:\/\/dalcokonsult.se\/?page_id=1668","title":{"rendered":"\u00c4NDRINGSANSVARIG X2U"},"content":{"rendered":"\n<p>Division Fordon ansvarar f\u00f6r SJ:s alla fordonsflottor \u00f6ver hela livscykeln och ska s\u00e4kerst\u00e4lla att i r\u00e4tt tid leverera hela och rena t\u00e5g till trafiken. Inom divisionen bedrivs det ett program g\u00e4llande en livstidsf\u00f6rl\u00e4ngning av SJs X2000-flotta. Projektet f\u00f6rb\u00e4ttrar X2000-flottans livsl\u00e4ngd och tillf\u00f6rlitlighet genom uppgradering av tekniska system samt en omfattande komfortupprustning. Projektet f\u00f6r uppgraderingen \u00e4r nu inne i produktionsfas, och de f\u00f6rsta uppgraderade X2000-t\u00e5gen rullar idag p\u00e5 svenska j\u00e4rnv\u00e4gar. Programmets m\u00e5l med uppdraget \u00e4r att s\u00e4kerst\u00e4lla att den av SJ godk\u00e4nda l\u00f6sning f\u00f6r den uppgraderade X2000-flottan genomf\u00f6rs av leverant\u00f6rerna.<\/p>\n","protected":false},"excerpt":{"rendered":"<p>Uppgradering av XJ2000 plattformen f\u00f6r l\u00e4nge livsl\u00e4ngd och b\u00e4ttre komfort. <\/p>\n","protected":false},"author":1,"featured_media":0,"parent":0,"menu_order":0,"comment_status":"closed","ping_status":"closed","template":"template-fullwidth.php","meta":{"footnotes":""},"class_list":["post-1668","page","type-page","status-publish","hentry"],"_links":{"self":[{"href":"https:\/\/dalcokonsult.se\/index.php?rest_route=\/wp\/v2\/pages\/1668","targetHints":{"allow":["GET"]}}],"collection":[{"href":"https:\/\/dalcokonsult.se\/index.php?rest_route=\/wp\/v2\/pages"}],"about":[{"href":"https:\/\/dalcokonsult.se\/index.php?rest_route=\/wp\/v2\/types\/page"}],"author":[{"embeddable":true,"href":"https:\/\/dalcokonsult.se\/index.php?rest_route=\/wp\/v2\/users\/1"}],"replies":[{"embeddable":true,"href":"https:\/\/dalcokonsult.se\/index.php?rest_route=%2Fwp%2Fv2%2Fcomments&post=1668"}],"version-history":[{"count":4,"href":"https:\/\/dalcokonsult.se\/index.php?rest_route=\/wp\/v2\/pages\/1668\/revisions"}],"predecessor-version":[{"id":1815,"href":"https:\/\/dalcokonsult.se\/index.php?rest_route=\/wp\/v2\/pages\/1668\/revisions\/1815"}],"wp:attachment":[{"href":"https:\/\/dalcokonsult.se\/index.php?rest_route=%2Fwp%2Fv2%2Fmedia&parent=1668"}],"curies":[{"name":"wp","href":"https:\/\/api.w.org\/{rel}","templated":true}]}}