{"id":1663,"date":"2022-08-25T11:25:44","date_gmt":"2022-08-25T11:25:44","guid":{"rendered":"https:\/\/34.88.131.150\/?page_id=1663"},"modified":"2023-08-07T08:15:52","modified_gmt":"2023-08-07T08:15:52","slug":"natverks-och-sakerhetsingenjor","status":"publish","type":"page","link":"https:\/\/dalcokonsult.se\/?page_id=1663","title":{"rendered":"N\u00c4TVERKS OCH S\u00c4KERHETSINGENJ\u00d6R"},"content":{"rendered":"\n<p>Saab f\u00f6rnyar sitt infrastruktur f\u00f6r att b\u00e4ttre skapa de produkter och tj\u00e4nster som beh\u00f6vs f\u00f6r att skydda m\u00e4nniskor och v\u00e5ra samh\u00e4llen.<\/p>\n\n\n\n<p>Mer information p\u00e5 <a href=\"https:\/\/www.saab.com\/sv\/markets\/sweden\" target=\"_blank\" rel=\"noreferrer noopener\">https:\/\/www.saab.com\/sv\/markets\/sweden<\/a><\/p>\n\n\n\n<p><\/p>\n","protected":false},"excerpt":{"rendered":"<p>SAAB uppgraderar och s\u00e4krar nuvarande infrastruktur f\u00f6r ett mer effektiv samarbete.<\/p>\n","protected":false},"author":1,"featured_media":0,"parent":0,"menu_order":0,"comment_status":"closed","ping_status":"closed","template":"template-fullwidth.php","meta":{"footnotes":""},"class_list":["post-1663","page","type-page","status-publish","hentry"],"_links":{"self":[{"href":"https:\/\/dalcokonsult.se\/index.php?rest_route=\/wp\/v2\/pages\/1663","targetHints":{"allow":["GET"]}}],"collection":[{"href":"https:\/\/dalcokonsult.se\/index.php?rest_route=\/wp\/v2\/pages"}],"about":[{"href":"https:\/\/dalcokonsult.se\/index.php?rest_route=\/wp\/v2\/types\/page"}],"author":[{"embeddable":true,"href":"https:\/\/dalcokonsult.se\/index.php?rest_route=\/wp\/v2\/users\/1"}],"replies":[{"embeddable":true,"href":"https:\/\/dalcokonsult.se\/index.php?rest_route=%2Fwp%2Fv2%2Fcomments&post=1663"}],"version-history":[{"count":4,"href":"https:\/\/dalcokonsult.se\/index.php?rest_route=\/wp\/v2\/pages\/1663\/revisions"}],"predecessor-version":[{"id":1821,"href":"https:\/\/dalcokonsult.se\/index.php?rest_route=\/wp\/v2\/pages\/1663\/revisions\/1821"}],"wp:attachment":[{"href":"https:\/\/dalcokonsult.se\/index.php?rest_route=%2Fwp%2Fv2%2Fmedia&parent=1663"}],"curies":[{"name":"wp","href":"https:\/\/api.w.org\/{rel}","templated":true}]}}